63 a prime number?
False
Is 212701 composite?
False
Is 4213085 composite?
True
Is 47191 composite?
True
Is 770741 composite?
False
Is 479701 a prime number?
True
Is 237047 a prime number?
False
Is 55171 a prime number?
True
Is 12827 a composite number?
True
Is 67031 a prime number?
False
Is 102143 a prime number?
False
Is 951 a composite number?
True
Is 714551 composite?
False
Is 812494 a composite number?
True
Is 5981 a composite number?
False
Is 38543 a composite number?
False
Is 38639 prime?
True
Is 93085 prime?
False
Is 3343 a prime number?
True
Is 455461 a prime number?
True
Is 33199 a prime number?
True
Is 17543 prime?
False
Is 109313 a composite number?
False
Is 8641 prime?
True
Is 49363 prime?
True
Is 5969 composite?
True
Is 2479 a composite number?
True
Is 599 a composite number?
False
Is 110009 prime?
False
Is 48407 composite?
False
Is 28277 a prime number?
True
Is 51929 prime?
True
Is 148043 prime?
False
Is 30427 composite?
False
Is 6823 prime?
True
Is 1352399 prime?
False
Is 25682 a prime number?
False
Is 2933 a composite number?
True
Is 162005 a prime number?
False
Is 16207 composite?
True
Is 2552405 prime?
False
Is 57185 composite?
True
Is 176459 a prime number?
True
Is 11771 prime?
False
Is 1924393 a composite number?
False
Is 7331 prime?
True
Is 15161 a composite number?
False
Is 281657 prime?
False
Is 7393 prime?
True
Is 16703 prime?
True
Is 33287 a composite number?
False
Is 493 composite?
True
Is 18007 a prime number?
False
Is 5381 a prime number?
True
Is 92689 prime?
False
Is 84011 composite?
False
Is 1399277 prime?
False
Is 14963 a prime number?
False
Is 173829 a prime number?
False
Is 624683 composite?
False
Is 9487 composite?
True
Is 229091 composite?
True
Is 9553 a composite number?
True
Is 34855 prime?
False
Is 6673 a prime number?
True
Is 879 composite?
True
Is 196913 prime?
False
Is 515714 a prime number?
False
Is 122621 composite?
True
Is 100447 a composite number?
False
Is 9791 prime?
True
Is 22189 a prime number?
True
Is 20469 prime?
False
Is 8713 prime?
True
Is 1285379 prime?
False
Is 5753 prime?
False
Is 521 a prime number?
True
Is 429179 a composite number?
True
Is 6866 a composite number?
True
Is 907 a prime number?
True
Is 28201 a composite number?
False
Is 9489 a composite number?
True
Is 163435 a prime number?
False
Is 104879 a composite number?
False
Is 1973 composite?
False
Is 3437 a prime number?
False
Is 23897 composite?
True
Is 27623 prime?
False
Is 40459 a composite number?
False
Is 49447 composite?
True
Is 369539 prime?
True
Is 485579 a composite number?
True
Is 53 a prime number?
True
Is 1264129 a prime number?
True
Is 35331 a prime number?
False
Is 164267 a prime number?
True
Is 405293 composite?
True
Is 38051 a composite number?
True
Is 63211 composite?
False
Is 142469 composite?
False
Is 3083 prime?
True
Is 23281 composite?
True
Is 553 a prime number?
False
Is 341071 a composite number?
True
Is 100718 composite?
True
Is 186859 a prime number?
True
Is 26759 a prime number?
True
Is 3949 a prime number?
False
Is 1879 a prime number?
True
Is 22289 prime?
False
Is 442901 a prime number?
False
Is 14969 a prime number?
True
Is 72613 composite?
False
Is 30983 composite?
False
Is 2017 prime?
True
Is 28961 a prime number?
True
Is 93437 composite?
True
Is 18373 composite?
True
Is 15131 a composite number?
False
Is 193649 prime?
True
Is 21941 a prime number?
False
Is 901 a prime number?
False
Is 63493 a prime number?
True
Is 12323 prime?
True
Is 25561 composite?
False
Is 39979 composite?
False
Is 12251 composite?
False
Is 78877 a prime number?
True
Is 54137 a prime number?
False
Is 29599 prime?
True
Is 334541 composite?
False
Is 32645 a prime number?
False
Is 597787 a prime number?
False
Is 31454 a composite number?
True
Is 136717 composite?
True
Is 26587 prime?
False
Is 146437 prime?
True
Is 4703 a prime number?
True
Is 2333 composite?
False
Is 14143 composite?
False
Is 180793 a prime number?
True
Is 66961 composite?
True
Is 749443 a prime number?
True
Is 399757 composite?
False
Is 3989 a composite number?
False
Is 375029 prime?
True
Is 89051 a prime number?
True
Is 10159 composite?
False
Is 19289 prime?
True
Is 179897 prime?
True
Is 12071 a prime number?
True
Is 1374357 a composite number?
True
Is 8657 a composite number?
True
Is 3106 a prime number?
False
Is 35065 a composite number?
True
Is 91981 a composite number?
True
Is 199637 a prime number?
True
Is 48301 a composite number?
True
Is 26977 a prime number?
False
Is 40757 prime?
False
Is 24511 prime?
False
Is 152003 a prime number?
True
Is 239231 prime?
True
Is 17033 composite?
False
Is 4493 a prime number?
True
Is 13217 a composite number?
False
Is 27949 composite?
True
Is 12373 prime?
True
Is 230431 composite?
False
Is 73097 prime?
False
Is 15803 a prime number?
True
Is 58361 composite?
True
Is 69653 a prime number?
True
Is 191 a composite number?
False
Is 155543 a composite number?
True
Is 9023 a composite number?
True
Is 3085037 composite?
False
Is 11993 a composite number?
True
Is 4757 prime?
False
Is 337583 composite?
False
Is 991 a prime number?
True
Is 13469 composite?
False
Is 58933 prime?
False
Is 556513 a composite number?
False
Is 3310311 a composite number?
True
Is 3359 a prime number?
True
Is 1785761 prime?
True
Is 16319 prime?
True
Is 4391 prime?
True
Is 1485367 a composite number?
True
Is 979 a composite number?
True
Is 9413 a prime number?
True
Is 1458551 a prime number?
False
Is 44449 composite?
False
Is 1292227 prime?
False
Is 191413 a composite number?
False
Is 2846711 prime?
False
Is 3937 a composite number?
True
Is 385351 composite?
False
Is 6563 composite?
False
Is 11597 prime?
True
Is 10211 composite?
False
Is 10723 composite?
False
Is 2863 a composite number?
True
Is 5435 a composite number?
True
Is 62761 a prime number?
True
Is 3183 a prime number?
False
Is 446 a composite number?
True
Is 1193 a prime number?
True
Is 9235 prime?
False
Is 2333 a composite number?
False
Is 78773 a prime number?
False
Is 234573 a composite number?
True
Is 1154191 a composite number?
True
Is 28429 a prime number?
True
Is 3449 a prime number?
True
Is 279397 prime?
True
Is 9953 a prime number?
False
Is 8646841 prime?
False
Is 5981 a composite number?
False
Is 836713 composite?
False
Is 87621 a composite number?
True
Is 61403 a composite number?
False
Is 50989 a composite number?
False
Is 15787 prime?
True
Is 476519 a composite number?
False
Is 184883 a prime number?
False
Is 3607 a composite number?
False
Is 19031 a prime number?
True
Is 206383 a composite number?
False
Is 46219 prime?
True
Is 87481 prime?
True
Is 1541 a prime number?
False
Is 198451 prime?
False
Is 6779 a prime number?
True
Is 665471 a prime number?
False
Is 14591 a composite number?
False
Is 535481 a composite number?
False
Is 979 prime?
False
Is 665479 composite?
False
Is 97765 a prime number?
False
Is 7631 a prime number?
False
Is 130373 a composite number?
True
Is 13603 a prime number?
False
Is 1158283 a composite number?
True
Is 743 a composite number?
False
Is 19347 prime?
False
Is 157299 a composite number?
True
Is 718213 a prime number?
False
Is 27955 a composite number?
True
Is 447877 a composite number?
False
Is 1150511 a composite number?
False
Is 46589 composite?
False
Is 12227 composite?
False
Is 31085 prime?
False
Is 28445 a prime number?
False
Is 8059 a prime number?
True
Is 31861 a composite number?
True
Is 10831 composite?
False
Is 1657 a composite number?
False
Is 34667 composite?
False
Is 8383 a prime number?
False
Is 5167 prime?
True
Is 1476877 a prime number?
True
Is 1361 a composite number?
False
Is 48563 prime?
True
Is 21403 prime?
False
Is 1114921 prime?
False
Is 62243 a prime number?
False
Is 92497 composite?
True
Is 7417 prime?
True
Is 14659 a prime number?
False
Is 869 prime?
False
Is 573 a composite number?
True
Is 168243 prime?
False
Is 142795 a composite number?
True
Is 269023 a prime number?
True
Is 7177 composite?
False
Is 3593 a prime number?
True
Is 308891 composite?
True
Is 2298293 a composite number?
False
Is 136193 a composite number?
False
Is 541507 a composite number?
False
Is 1499 composite?
False
Is 94747 prime?
True
Is 203293 a composite number?
False
Is 2956097 composite?
False
Is 57961 prime?
False
Is 9533 a composite number?
False
I